50. Suppose y - 4*x + 0*x = -17, -25 = -5*x. Suppose -y*i = 8 - 98. Calculate the greatest common divisor of i and f.
10
Suppose -3*y - 5 = -z, -5*z + 6*y - 3*y + 1 = 0. Let k(a) = -2*a + 55 - 54 - 11*a. Let m be k(z). What is the greatest common factor of 7 and m?
7
Let u = 97 - 95. Calculate the greatest common factor of u and 8.
2
Suppose 2*u = -3*u + 160. Let q be (u/(-24))/(4/(-42)). Calculate the greatest common divisor of 70 and q.
14
Let b be ((-27)/12)/(2/(-80)). What is the highest common divisor of 10 and b?
10
Suppose 0 = -2*w - 5 + 17. Suppose c - 3*s = -3*c - 30, -3*s - 6 = 0. Let h = -5 - c. Calculate the highest common divisor of w and h.
2
Let m be (4/(-6))/(1/(-3)). Calculate the highest common divisor of m and 14.
2
Let s(h) be the second derivative of -3*h + 1/6*h**3 + 13/2*h**2 + 0. Let r be s(-7). Calculate the greatest common divisor of 18 and r.
6
Let j(u) = u**3 - 8*u**2 + 2*u - 11. Let y be j(8). Suppose -y*x - 50 = -2*w + 19, 5*w = 3*x + 144. What is the highest common factor of 18 and w?
9
Let w be (6/(-4))/((-15)/40). Suppose 0 = 4*a, -5*r + 4*r + w*a = -11. Calculate the greatest common divisor of r and 1.
1
Suppose -3*z + 98 = -91. Let w = 22 - 13. Calculate the highest common divisor of z and w.
9
Let y be (-4)/14 + 9/7. Let u(a) = 3*a + 0*a + 5 - 4*a. Let k be u(-5). What is the highest common factor of k and y?
1
Let r = -44 + 62. What is the highest common factor of r and 198?
18
Let f be 7 - 3 - -14 - -5. Calculate the greatest common divisor of 46 and f.
23
Let p be (364/42)/((-2)/(-33)). Let s be (-2 - 0)/(1 + -3). Let j be (0 - 0)*s + 13. What is the highest common divisor of p and j?
13
Let z(i) = -6*i**3 - 11*i**2 - 4*i + 6. Let w(q) = q**3 + q**2. Let o(u) = 5*w(u) + z(u). Let p be o(-6). Calculate the highest common divisor of p and 75.
15
Suppose -4*b - 117 = -8*b + 3*f, -b - 4*f = -34. Suppose 0 = -3*h - 2*h - n + 121, b = 2*h + 5*n. What is the greatest common divisor of h and 5?
5
Suppose 6 = -3*p + 45. Calculate the highest common factor of p and 117.
13
Suppose 0 = -o - 3*o - 2*j + 26, 0 = -3*o - 5*j + 23. Calculate the greatest common divisor of o and 2.
2
Suppose -2*f + 14 = -94. What is the highest common factor of 6 and f?
6
Suppose 4*g - 5 = 43. Let u be 36*(2 - (-1)/(-3)). What is the greatest common factor of u and g?
12
Let l = 11 - 11. Suppose -52 = -l*f - f - 5*t, 4*f + 3*t = 293. Calculate the highest common factor of f and 11.
11
Let c(x) = 2*x + 1. Let q be c(-5). Let t = 0 - q. Let v be ((-4)/(-12))/(2/18). Calculate the highest common factor of v and t.
3
Suppose 789 = 5*t + 24. Let l(q) = -6*q + 4. Let i be l(3). Let n = i - -31. Calculate the highest common divisor of n and t.
17
Let f = 0 - -3. Let x = -8 + 51. Let t = x - 19. What is the highest common divisor of t and f?
3
Let b = 76 + 8. Suppose 8 = -4*l + 56. What is the highest common divisor of b and l?
12
Let g(f) = -f**2 - f + 9. Let o be g(-3). Let h = -2 - -8. What is the highest common divisor of o and h?
3
Let k be (6/(-1))/3 + 7. Suppose -k*l = -25, -7 = -3*v - l + 5*l. What is the greatest common factor of v and 81?
9
Let i be ((-66)/(-4))/((-6)/(-8)). Let v be (396/10)/((-1)/(-5)). Calculate the greatest common divisor of v and i.
22
Suppose 4*v + 4 = 6*v. Suppose 3*i = v*i + 6. Suppose -1 = -x + i. What is the greatest common factor of 28 and x?
7
Let r = -58 - -154. Calculate the highest common factor of r and 16.
16
Suppose 0 = -v - 5*v + 198. Let g be ((-11)/(-4))/(1/4). What is the greatest common divisor of g and v?
11
Let r(v) = -2*v**2 - 3*v**3 + 4*v**3 + 3*v + 6*v**2. Let c be r(-2). Suppose 4*k = 2*u - 4, 3*u + 3*k + 0*k = 6. What is the highest common factor of u and c?
2
Let m = -82 - -146. Calculate the highest common divisor of 8 and m.
8
Suppose -3*a + 12 + 15 = 0. Suppose 0 = -5*i + 4*i + 2*r + 324, 3*i = -4*r + 992. Suppose 0 = -5*u + 77 + i. What is the greatest common divisor of a and u?
9
Let z(a) = -a**3 + 9*a**2 - 7*a - 10. Let l be z(8). Let f be (3 + -1)*l/(-4). Suppose 0 = -3*t + 19 - f. Calculate the highest common factor of 3 and t.
3
Let d(i) = i**2 - 3*i + 5. Let g(n) = 5*n**2 - 11*n + 21. Let m(k) = -9*d(k) + 2*g(k). Let z be m(-6). What is the greatest common divisor of z and 12?
3
Suppose -18 - 906 = -4*t. Let z be 66/(-21) - 6/(-42). Let p(i) = -i**3 + 4*i + 6. Let y be p(z). What is the greatest common factor of t and y?
21
Let s(j) be the first derivative of j**2/2 + 14*j - 3. Let h be s(-6). Calculate the greatest common divisor of h and 56.
8
Let u(w) = -w**3 + 2*w**2 + 4*w. Let a be u(3). Let v = 199 + -285. Let b be v/(-6) - 4/(-6). What is the greatest common factor of b and a?
3
Let d be (-1380)/90*(-3)/2. Let v = 25 + -2. Calculate the highest common factor of d and v.
23
Suppose -14 + 82 = 4*c. Let r(h) = h**3 - 9*h**2 + 9*h - 5. Let g be r(8). Suppose 0*d = -g*d + 51. Calculate the highest common factor of d and c.
17
Let x be (-4)/18 - 436/(-18). Suppose 0 = -10*t - 233 + 833. Calculate the highest common divisor of x and t.
12
Suppose 3*i + 5*v - 20 = -0*i, -4*v = 4*i - 32. What is the highest common factor of i and 80?
10
Let w = -20 - -46. Let g = w - 10. Suppose 0 = -3*m + 4*u + 172, -2*m = -2*u - 157 + 39. What is the highest common factor of g and m?
16
Suppose -2*h - 76 = -4*s, -3*h + 2*h = 2*s - 46. What is the highest common divisor of s and 7?
7
Let c = -27 - -41. Let w = c - 9. What is the highest common factor of w and 15?
5
Suppose -100 = -5*p + 30. Suppose 332 = 5*s + 7. Calculate the highest common divisor of s and p.
13
Let i(j) = 2*j**2 - 14*j + 12. Let y be i(10). Calculate the greatest common divisor of 9 and y.
9
Suppose -5*g - 220 = -10*g. Calculate the highest common factor of 396 and g.
44
Let b(k) = -2*k**2 + 12*k - 4. Let g(f) = -5*f**2 + 25*f - 9. Let l(y) = 13*b(y) - 6*g(y). Let z be l(-4). What is the highest common factor of 14 and z?
14
Suppose 5*r - 2 = 3*c, c + 2*r = 2*c + 1. Calculate the highest common factor of c and 11.
1
Suppose g + g = 4*o - 92, 3*o - 58 = -4*g. What is the highest common factor of o and 22?
22
Let a be (-28)/(-6) - (-12)/9. What is the greatest common factor of 4 and a?
2
Let y(p) = -p**3 + 7*p**2 + 10*p + 10. Let v be y(8). Calculate the greatest common factor of v and 13.
13
Suppose -2*b = -142 + 12. Suppose -3*r + b = 2*r. Calculate the highest common divisor of r and 143.
13
Suppose -3*w = -5*w. Suppose 4*y + 2308 = -4*q, 1 = q - w*q. Let b be y/(-6) - (-2)/(-6). Calculate the highest common divisor of b and 12.
12
Let m = -7 + 12. Let f = -2 + m. What is the greatest common factor of f and 3?
3
Let i be (-90)/(-3) + 0/(-1). Let z be 3 + -4 - -4 - -8. Let v = z + -8. What is the highest common divisor of i and v?
3
Let x be 2 + -1*(-1)/(-1). Let f be 48/15*5*x. Suppose 4*j = -2*r + 60, 2*j - 3*r = -3*j + 86. What is the greatest common divisor of f and j?
16
Let f(t) = t + 8. Let j be f(6). Calculate the highest common divisor of 14 and j.
14
Let k = -44 + 68. What is the highest common factor of k and 12?
12
Let n be -2*(-5)/2 - 0. Let h be n - 2 - -21*2. Calculate the greatest common factor of 9 and h.
9
Let r = 17 + -11. Let n = r - 11. Let u = n - -11. What is the greatest common divisor of u and 66?
6
Suppose 6*o = 2*o + 12. Suppose 2*k - o*k = -13. What is the greatest common factor of k and 26?
13
Suppose 3*l = -0*l + 18. What is the greatest common divisor of 15 and l?
3
Suppose 0 = 3*c - 4*c + 2. What is the greatest common factor of 18 and c?
2
Suppose 0 = 3*z + 2*z + 5. Let a(v) = -11*v + 1. Let g be a(z). Suppose 3*h + 2*n = 5*h - 202, 116 = h - 4*n. What is the greatest common factor of g and h?
12
Let j = -1 + 3. Suppose -2*g + 972 = j*g. Suppose y + n - 73 = 0, 2*n = 3*y - n - g. What is the highest common factor of 11 and y?
11
Suppose 34 = 4*g + 2. Calculate the greatest common factor of 12 and g.
4
Let j(p) = p + 1. Let z be j(-2). Let h be (95/(-2))/(z/(-16)). Let m be h/(-12) - (-2)/(-6). Calculate the highest common factor of m and 9.
9
Suppose 0 = -4*c + 5 + 3. Suppose -c = 3*h - 98. Calculate the highest common divisor of h and 8.
8
Suppose -2*i = i + 4*d + 71, 5*i + 2*d + 95 = 0. Let f = 49 + i. What is the highest common factor of f and 8?
8
Let i = -6 - -10. Let c be 0/(-2 + i + 